{"id":348,"date":"2026-02-27T16:54:11","date_gmt":"2026-02-27T15:54:11","guid":{"rendered":"https:\/\/asociaciatzz.sk\/?page_id=348"},"modified":"2026-02-27T17:43:25","modified_gmt":"2026-02-27T16:43:25","slug":"motorove-voziky","status":"publish","type":"page","link":"https:\/\/asociaciatzz.sk\/?page_id=348","title":{"rendered":"Motorov\u00e9 voz\u00edky"},"content":{"rendered":"\t\t<div data-elementor-type=\"wp-page\" data-elementor-id=\"348\" class=\"elementor elementor-348\">\n\t\t\t\t<div class=\"elementor-element elementor-element-5f1acdf e-flex e-con-boxed e-con e-parent\" data-id=\"5f1acdf\" data-element_type=\"container\" data-e-type=\"container\">\n\t\t\t\t\t<div class=\"e-con-inner\">\n\t\t\t\t<div class=\"elementor-element elementor-element-6795fb5 elementor-widget elementor-widget-heading\" data-id=\"6795fb5\" data-element_type=\"widget\" data-e-type=\"widget\" data-widget_type=\"heading.default\">\n\t\t\t\t\t<h2 class=\"elementor-heading-title elementor-size-default\">Odpovede na naj\u010dastej\u0161ie ot\u00e1zky k preukazom obsluhy motorov\u00fdch voz\u00edkov\nzo str\u00e1nky NIP <\/h2>\t\t\t\t<\/div>\n\t\t\t\t<div class=\"elementor-element elementor-element-af6000d elementor-widget elementor-widget-image\" data-id=\"af6000d\" data-element_type=\"widget\" data-e-type=\"widget\" data-widget_type=\"image.default\">\n\t\t\t\t\t\t\t\t\t\t\t\t\t\t\t<img fetchpriority=\"high\" decoding=\"async\" width=\"300\" height=\"200\" src=\"https:\/\/asociaciatzz.sk\/wp-content\/uploads\/2026\/02\/mot-vozik-300x200.png\" class=\"attachment-medium size-medium wp-image-354\" alt=\"\" srcset=\"https:\/\/asociaciatzz.sk\/wp-content\/uploads\/2026\/02\/mot-vozik-300x200.png 300w, https:\/\/asociaciatzz.sk\/wp-content\/uploads\/2026\/02\/mot-vozik-1024x683.png 1024w, https:\/\/asociaciatzz.sk\/wp-content\/uploads\/2026\/02\/mot-vozik-768x512.png 768w, https:\/\/asociaciatzz.sk\/wp-content\/uploads\/2026\/02\/mot-vozik.png 1536w\" sizes=\"(max-width: 300px) 100vw, 300px\" \/>\t\t\t\t\t\t\t\t\t\t\t\t\t\t\t<\/div>\n\t\t\t\t\t<\/div>\n\t\t\t\t<\/div>\n\t\t<div class=\"elementor-element elementor-element-5a47322 e-flex e-con-boxed e-con e-parent\" data-id=\"5a47322\" data-element_type=\"container\" data-e-type=\"container\">\n\t\t\t\t\t<div class=\"e-con-inner\">\n\t\t\t\t<div class=\"elementor-element elementor-element-9fc9a79 elementor-widget elementor-widget-text-editor\" data-id=\"9fc9a79\" data-element_type=\"widget\" data-e-type=\"widget\" data-widget_type=\"text-editor.default\">\n\t\t\t\t\t\t\t\t\t<p>Ot\u00e1zka \u010d. 1<br \/>Ak sa vyhotovuje preukaz po absolvovan\u00ed z\u00e1kladn\u00e9ho kurzu tak po\u010d\u00edtanie leh\u00f4t na absolvovanie AOP a \u010fal\u0161ej lek\u00e1rskej prevent\u00edvnej prehliadky je zrozumite\u013en\u00e9 (do piatich rokov odo d\u0148a vydania preukazu). Preukaz sa zalieva do f\u00f3lie a na zadnej strane preukazu, v pr\u00edpade, \u017ee nedo\u0161lo k zmen\u00e1m v triede a skupine obsluhovan\u00fdch VZV sa vyzna\u010duje AOP reli\u00e9fnou pe\u010diatkou (pod\u013ea STN 26 8805:december 2018) a pod\u013ea z\u00e1kona sa m\u00e1 uv\u00e1dza\u0165 aj d\u00e1tum ukon\u010denia AOP. Tu m\u00f4\u017ee nasta\u0165 probl\u00e9m ako na f\u00f3liu vyzna\u010di\u0165 d\u00e1tum? Nesta\u010dilo by napr., dolo\u017ei\u0165 pri kontrole z\u00e1znam zo \u0161kolenia, kde je uveden\u00fd aj d\u00e1tum vykonanej AOP? Samotn\u00e9 vykonanie AOP je u\u017e priamo na preukaze vyzna\u010den\u00e9 spom\u00ednanou reli\u00e9fnou pe\u010diatkou.<\/p><p>Odpove\u010f:<br \/>Uv\u00e1dzan\u00e9 vyjadrenia vych\u00e1dzaj\u00fa iba z ostatn\u00e9ho predpisu (STN 26 8805:2018). Ustanovenie \u00a7 16 ods. 5 z\u00e1kona \u010d. 124\/2006 Z. z. obsahuje, \u010do sa uv\u00e1dza v preukaze, ale forma skon\u010denia aktualiza\u010dnej odbornej pr\u00edpravy (\u010falej \u201eAOP\u201c) je uveden\u00e1 v pr\u00edlohe \u010d. 7 vyhl\u00e1\u0161ky \u010d. 356\/2007 Z. z., ktorou sa ustanovuj\u00fa podrobnosti o po\u017eiadavk\u00e1ch a rozsahu v\u00fdchovnej a vzdel\u00e1vacej \u010dinnosti, o projekte v\u00fdchovy a vzdel\u00e1vania, veden\u00ed predp\u00edsanej dokument\u00e1cie a overovan\u00ed vedomost\u00ed \u00fa\u010dastn\u00edkov v\u00fdchovnej a vzdel\u00e1vacej \u010dinnosti (\u010falej \u201evyhl\u00e1\u0161ka \u010d. 356\/2007 Z. z.\u201c). Forma skon\u010denia AOP pod\u013ea vy\u0161\u0161ie uvedenej vyhl\u00e1\u0161ky neobsahuje vyjadrenie o zaliat\u00ed v termoplastickej f\u00f3lii. O zaliat\u00ed do f\u00f3lie a pou\u017eit\u00ed reli\u00e9fnej pe\u010diatky nepojedn\u00e1va pr\u00e1vny predpis, ale iba ostatn\u00fd predpis STN 268805:2018. Aby bola dodr\u017ean\u00e1 litera z\u00e1kona, mus\u00ed by\u0165 uveden\u00fd d\u00e1tum AOP na preukaze obsluhy MV pod\u013ea pr\u00edlohy \u010d. 7 vyhl\u00e1\u0161ky \u010d. 356\/2007. K dan\u00e9mu preukazu sa m\u00f4\u017ee prilo\u017ei\u0165 aj z\u00e1znam z absolvovania AOP, ktor\u00fd potvrdzuje d\u00e1tum absolvovania AOP, ale osoba opr\u00e1vnen\u00e1 na v\u00fdchovu a vzdel\u00e1vanie mus\u00ed vyd\u00e1va\u0165 preukazy obsluhy MV, aby bol dodr\u017ean\u00fd z\u00e1kon \u010d. 124\/2006 Z. z. a vyhl\u00e1\u0161ka \u010d. 356\/2007 Z. z. (pr\u00e1vne predpisy SR maj\u00fa prednos\u0165 pred ostatn\u00fdmi predpismi).<\/p><p>Ot\u00e1zka \u010d. 2<br \/>Nejasnosti nast\u00e1vaj\u00fa aj v pr\u00edpade vykon\u00e1vania roz\u0161iruj\u00faceho \u0161kolenia na obsluhu VZV. Mysl\u00edm, \u017ee v ka\u017edom pr\u00edpade sa mus\u00ed vyhotovi\u0165 nov\u00fd preukaz lebo inak nie je mo\u017en\u00e9 vyzna\u010di\u0165 nov\u00fa triedu a skupinu VZV (preukaz je zaliaty vo f\u00f3lii) a tie\u017e je potrebn\u00e9 uvies\u0165 nov\u00fd d\u00e1tum vyhotovenia preukazu ako aj nov\u00fd d\u00e1tum vykonania overenia vedomost\u00ed vo vz\u0165ahu k roz\u0161iruj\u00facim triedam a skupin\u00e1m VZV.<br \/>Ako sa maj\u00fa po\u010d\u00edta\u0165 lehoty na vykonanie zdravotnej prevent\u00edvnej prehliadky a po\u010d\u00edtanie lehoty na AOP pokia\u013e lehota od vykonania prvej zdravotnej prevent\u00edvnej prehliadky a lehota na vykonanie AOP e\u0161te plynie lebo ako je uveden\u00e9 v bode 1) \u2013 obsluha je povinn\u00e1 tieto vykona\u0165 do piatich rokov od d\u00e1tumu vydania preukazu? Zdravotn\u00fa prevent\u00edvnu lek\u00e1rsku prehliadku by som po\u010d\u00edtal od vyhotovenia od prvej prehliadky t. j. od d\u00e1tumu vydania preukazu obsluhy po z\u00e1kladnom \u0161kolen\u00ed pokia\u013e nedo\u0161lo k zmene zdravotn\u00e9ho stavu alebo neuplynula p\u00e4\u0165ro\u010dn\u00e1 lehota od je vykonania. Ak bol vydan\u00fd preukaz obsluhy po vykonan\u00ed roz\u0161iruj\u00faceho \u0161kolenia na obsluhu, po\u010d\u00edtame lehotu na vykonanie AOP od d\u00e1tumu vydania p\u00f4vodn\u00e9ho preukazu alebo od d\u00e1tumu jeho vydania po vykonan\u00ed roz\u0161iruj\u00faceho \u0161kolenia? A na druhej strane preukazu bude uveden\u00e1 lehota na absolvovanie \u010fal\u0161ej AOP po\u010d\u00edtan\u00e1 od d\u00e1tumu vydania p\u00f4vodn\u00e9ho preukazu alebo od d\u00e1tumu vydania nov\u00e9ho preukazu po absolvovan\u00ed roz\u0161iruj\u00faceho \u0161kolenia?<\/p><p>Odpove\u010f:<br \/>V prvom rade pr\u00e1vne predpisy a ostatn\u00e9 predpisy nepoznaj\u00fa pojem \u201eroz\u0161iruj\u00face \u0161kolenie\u201c. V ostatnom predpise STN 26 8805:2018 sa uv\u00e1dza iba opakovan\u00e9 oboznamovanie, ktor\u00e9 sa kon\u010d\u00ed preuk\u00e1zate\u013en\u00fdm overen\u00edm znalost\u00ed a vypracovan\u00edm p\u00edsomn\u00e9ho dokladu \u201eZ\u00e1znam o obozn\u00e1men\u00ed zamestnanca.\u201c Opakovan\u00e9 oboznamovanie pod\u013ea \u00a7 7 z\u00e1kona \u010d. 124\/2006 Z. z. nie je s\u00fa\u010das\u0165ou v\u00fdchovy a vzdel\u00e1vania.<br \/>Ako je uveden\u00e9 vo Va\u0161ej formul\u00e1cii \u2013 vyhotov\u00ed sa nov\u00fd preukaz obsluhy MV, v ktorom bud\u00fa uveden\u00e9 nov\u00e9 druhy MV s nov\u00fdm d\u00e1tumom vydania ako m\u00e1 star\u00fd preukaz obsluhy MV. Aby boli obidva preukazy obsluhy platn\u00e9, musia by\u0165 splnen\u00e9 z\u00e1konn\u00e9 podmienky ustanoven\u00ed \u00a7 16 ods. 6 a \u00a7 16 ods. 8. z\u00e1kona \u010d. 124\/2006 Z. z.<br \/>Pod\u013ea \u00a7 16 ods. 6 z\u00e1kon \u010d. 124\/2006 Z. z. fyzick\u00e1 osoba, ktor\u00e1 m\u00e1 preukaz, osved\u010denie alebo doklad pod\u013ea odseku 1 p\u00edsm. b), je povinn\u00e1 podrobi\u0165 sa lek\u00e1rskej prevent\u00edvnej prehliadke vo vz\u0165ahu k pr\u00e1ci, ktorou sa posudzuje jej zdravotn\u00e1 sp\u00f4sobilos\u0165 na pr\u00e1cu potrebn\u00fa na vykon\u00e1vanie tejto \u010dinnosti, do piatich rokov odo d\u0148a<br \/>a) vydania preukazu, osved\u010denia alebo dokladu pod\u013ea odseku 1 p\u00edsm. b),<br \/>b) vykonania predch\u00e1dzaj\u00facej lek\u00e1rskej prevent\u00edvnej prehliadky vo vz\u0165ahu k pr\u00e1ci.<br \/>V zmysle \u00a716 ods. 8 z\u00e1kona \u010d. 124\/2006 Z. z. fyzick\u00e1 osoba, ktor\u00e1 m\u00e1 preukaz, osved\u010denie alebo doklad pod\u013ea odseku 1 p\u00edsm. b), je povinn\u00e1 do piatich rokov odo d\u0148a vydania preukazu, osved\u010denia<br \/>alebo dokladu pod\u013ea odseku 1 p\u00edsm. b) absolvova\u0165 aktualiza\u010dn\u00fa odborn\u00fa pr\u00edpravu u osoby opr\u00e1vnenej na v\u00fdchovu a vzdel\u00e1vanie. \u010eal\u0161iu aktualiza\u010dn\u00fa odborn\u00fa pr\u00edpravu je fyzick\u00e1 osoba, ktor\u00e1 m\u00e1 preukaz, osved\u010denie alebo doklad pod\u013ea odseku 1 p\u00edsm. b), povinn\u00e1 absolvova\u0165 do piatich rokov odo d\u0148a ukon\u010denia predch\u00e1dzaj\u00facej aktualiza\u010dnej odbornej pr\u00edpravy. Osoba opr\u00e1vnen\u00e1 na v\u00fdchovu a vzdel\u00e1vanie uvedie v preukaze, osved\u010den\u00ed alebo doklade pod\u013ea odseku 1 p\u00edsm. b) d\u00e1tum ukon\u010denia aktualiza\u010dnej odbornej pr\u00edpravy.<br \/>Z hore uveden\u00e9ho vypl\u00fdva, \u017ee zdravotn\u00e1 sp\u00f4sobilos\u0165 na pr\u00e1cu sa preukazuje lek\u00e1rskym posudkom nie star\u0161\u00edm ako \u0161es\u0165 mesiacov pri vyd\u00e1van\u00ed preukazu, osved\u010denia alebo dokladu pod\u013ea odseku 1 p\u00edsm. b), ale fyzick\u00e1 osoba, ktor\u00e1 m\u00e1 preukaz, osved\u010denie alebo doklad pod\u013ea odseku 1 p\u00edsm. b), je povinn\u00e1 podrobi\u0165 sa lek\u00e1rskej prevent\u00edvnej prehliadke vo vz\u0165ahu k pr\u00e1ci, do piatich rokov odo d\u0148a vydania preukazu. Pri absolvovan\u00ed AOP je podmienka, aby fyzick\u00e1 osoba, ktor\u00e1 m\u00e1 preukaz, osved\u010denie alebo doklad pod\u013ea odseku 1 p\u00edsm. b), bola zdravotne sp\u00f4sobil\u00e1 v danom obdob\u00ed (po\u010das 5 rokov odo d\u0148a vydania preukazu).<\/p><p>Ot\u00e1zka \u010d. 3<br \/>Ako je to v pr\u00edpade nutnosti vyhotovenia duplik\u00e1tu preukazu obsluhy z d\u00f4vodu po\u0161kodenia alebo ne\u010ditate\u013en\u00fdch \u00fadajov p\u00f4vodn\u00e9ho preukazu, ktor\u00fd je platn\u00fd? Tu tie\u017e nast\u00e1va situ\u00e1cia kedy pri vystaven\u00ed duplik\u00e1tu sa uv\u00e1dza jeho nov\u00e9 \u010d\u00edslo ako aj nov\u00fd d\u00e1tum jeho vyhotovenia. T\u00fdm sa dost\u00e1vame k ot\u00e1zke ,ak\u00fd d\u00e1tum vykonania sk\u00fa\u0161ky uvies\u0165 a ako po\u010d\u00edta\u0165 lehotu na vykonanie opakovan\u00e9ho \u0161kolenia a AOP? M\u00f4\u017ee nasta\u0165 aj situ\u00e1cia, kedy do\u0161lo k strate preukazu.<\/p><p>Odpove\u010f:<br \/>Preukaz obsluhy motorov\u00fdch voz\u00edkov vyd\u00e1va osoba opr\u00e1vnen\u00e1 na v\u00fdchovu a vzdel\u00e1vanie po absolvovan\u00ed v\u00fdchovy a vzdel\u00e1vania a n\u00e1slednom overen\u00ed vedomost\u00ed a predlo\u017een\u00ed posudku o zdravotnej sp\u00f4sobilosti. Osoba opr\u00e1vnen\u00e1 na v\u00fdchovu a vzdel\u00e1vanie \u2013 skupina 06.1 ozna\u010d\u00ed absolvovan\u00fa AOP d\u00e1tumom v preukaze. Preukaz sa vyd\u00e1va na dobu neur\u010dit\u00fa v zmysle \u00a7 16 z\u00e1kona \u010d. 124\/2006 Z. z.<br \/>Ak by do\u0161lo k strate, po\u0161kodeniu alebo odcudzeniu preukazu obsluhy motorov\u00fdch voz\u00edkov, osoba opr\u00e1vnen\u00e1 na v\u00fdchovu a vzdel\u00e1vanie \u2013 skupina 06.1, ktor\u00e1 vydala preukaz obsluhy motorov\u00fdch voz\u00edkov vyd\u00e1 preukaz obsluhy motorov\u00fdch voz\u00edkov s ozna\u010den\u00edm \u201eDuplik\u00e1t\u201c, z ktor\u00e9ho mus\u00ed by\u0165 jasn\u00e9, kedy bol vydan\u00fd preukaz obsluhy motorov\u00fdch voz\u00edkov \u2013 origin\u00e1l.<\/p><p>Ot\u00e1zka \u010d. 4<br \/>Ako sa uv\u00e1dza lehota na vykonanie \u0161kolenia \u201erok\u201c alebo \u201emesiac\u201c? Napr\u00edklad: AOP bola vykonan\u00e1 10.01.2023 a n\u00e1sledn\u00e1 m\u00e1 by\u0165 vykonan\u00e1 do piatich rokov od vydania preukazu; je myslen\u00e9 t\u00fato vykona\u0165 \u2013 do 10.01.2028 alebo do konca roku 2028? Nebolo by lep\u0161ie uv\u00e1dza\u0165 napr. do 60 mesiacov, \u010do by potom znamenalo do 10.01.2028? Obdobne by to mohlo by\u0165 aj pri uv\u00e1dzan\u00ed lehoty na vykonanie lek\u00e1rskej prehliadky.<\/p><p>Odpove\u010f:<br \/>V zmysle \u00a716 ods. 8 z\u00e1kona \u010d. 124\/2006 Z. z., fyzick\u00e1 osoba, ktor\u00e1 m\u00e1 preukaz, osved\u010denie alebo doklad pod\u013ea odseku 1 p\u00edsm. b), je povinn\u00e1 do piatich rokov odo d\u0148a vydania preukazu, osved\u010denia alebo dokladu pod\u013ea odseku 1 p\u00edsm. b) absolvova\u0165 aktualiza\u010dn\u00fa odborn\u00fa pr\u00edpravu u osoby opr\u00e1vnenej na v\u00fdchovu a vzdel\u00e1vanie. Vo Va\u0161om pr\u00edpade do 10.01.2028, presnej\u0161ie do 09.01.2028 (do piatich rokov).<br \/>\u010eal\u0161iu aktualiza\u010dn\u00fa odborn\u00fa pr\u00edpravu je fyzick\u00e1 osoba, ktor\u00e1 m\u00e1 preukaz, osved\u010denie alebo doklad pod\u013ea odseku 1 p\u00edsm. b), povinn\u00e1 absolvova\u0165 do piatich rokov odo d\u0148a ukon\u010denia predch\u00e1dzaj\u00facej aktualiza\u010dnej odbornej pr\u00edpravy. Osoba opr\u00e1vnen\u00e1 na v\u00fdchovu a vzdel\u00e1vanie uvedie v preukaze, osved\u010den\u00ed alebo doklade pod\u013ea odseku 1 p\u00edsm. b) d\u00e1tum ukon\u010denia aktualiza\u010dnej odbornej pr\u00edpravy.<\/p>\t\t\t\t\t\t\t\t<\/div>\n\t\t\t\t\t<\/div>\n\t\t\t\t<\/div>\n\t\t\t\t<\/div>\n\t\t","protected":false},"excerpt":{"rendered":"<p>Odpovede na naj\u010dastej\u0161ie ot\u00e1zky k preukazom obsluhy motorov\u00fdch voz\u00edkov zo str\u00e1nky NIP Ot\u00e1zka \u010d. 1Ak sa vyhotovuje preukaz po absolvovan\u00ed&hellip;<\/p>\n","protected":false},"author":1,"featured_media":0,"parent":0,"menu_order":0,"comment_status":"closed","ping_status":"closed","template":"","meta":{"footnotes":""},"class_list":["post-348","page","type-page","status-publish","hentry"],"_links":{"self":[{"href":"https:\/\/asociaciatzz.sk\/index.php?rest_route=\/wp\/v2\/pages\/348","targetHints":{"allow":["GET"]}}],"collection":[{"href":"https:\/\/asociaciatzz.sk\/index.php?rest_route=\/wp\/v2\/pages"}],"about":[{"href":"https:\/\/asociaciatzz.sk\/index.php?rest_route=\/wp\/v2\/types\/page"}],"author":[{"embeddable":true,"href":"https:\/\/asociaciatzz.sk\/index.php?rest_route=\/wp\/v2\/users\/1"}],"replies":[{"embeddable":true,"href":"https:\/\/asociaciatzz.sk\/index.php?rest_route=%2Fwp%2Fv2%2Fcomments&post=348"}],"version-history":[{"count":10,"href":"https:\/\/asociaciatzz.sk\/index.php?rest_route=\/wp\/v2\/pages\/348\/revisions"}],"predecessor-version":[{"id":361,"href":"https:\/\/asociaciatzz.sk\/index.php?rest_route=\/wp\/v2\/pages\/348\/revisions\/361"}],"wp:attachment":[{"href":"https:\/\/asociaciatzz.sk\/index.php?rest_route=%2Fwp%2Fv2%2Fmedia&parent=348"}],"curies":[{"name":"wp","href":"https:\/\/api.w.org\/{rel}","templated":true}]}}